{"id":215,"date":"2026-01-02T15:12:27","date_gmt":"2026-01-02T15:12:27","guid":{"rendered":"https:\/\/loja.patrulharaposa.pt\/?post_type=product&#038;p=215"},"modified":"2026-01-02T15:15:13","modified_gmt":"2026-01-02T15:15:13","slug":"o-meu-missal","status":"publish","type":"product","link":"https:\/\/loja.patrulharaposa.pt\/?product=o-meu-missal","title":{"rendered":"O Meu Missal"},"content":{"rendered":"<p>A Missa \u00e9 um dos momentos mais importantes do dia a dia de um cat\u00f3lico!<br \/>\nCom este livro, vais ficar a saber tudo sobre a Missa, os objetos usados durante a Eucaristia, o significado das vestes do padre e o calend\u00e1rio lit\u00fargico.<br \/>\nPoder\u00e1s seguir a Missa passo a passo, dos ritos iniciais aos ritos de conclus\u00e3o.<br \/>\nNo fim, encontrar\u00e1s ainda um gloss\u00e1rio muito \u00fatil!<\/p>\n<p>Inclui os textos da Eucaristia para seguires a Missa passo a passo.<\/p>\n","protected":false},"excerpt":{"rendered":"<p>A Missa \u00e9 um dos momentos mais importantes do dia a dia de um cat\u00f3lico! Com este livro, vais ficar a saber tudo sobre a Missa, os objetos usados durante a Eucaristia, o significado das vestes do padre e o calend\u00e1rio lit\u00fargico. Poder\u00e1s seguir a Missa passo a passo, dos ritos iniciais aos ritos de [&hellip;]<\/p>\n","protected":false},"featured_media":210,"comment_status":"open","ping_status":"closed","template":"","meta":{"pagelayer_contact_templates":[],"_pagelayer_content":""},"product_brand":[],"product_cat":[15],"product_tag":[],"class_list":{"0":"post-215","1":"product","2":"type-product","3":"status-publish","4":"has-post-thumbnail","6":"product_cat-sem-categoria","8":"first","9":"instock","10":"featured","11":"taxable","12":"shipping-taxable","13":"purchasable","14":"product-type-simple"},"jetpack_sharing_enabled":true,"_links":{"self":[{"href":"https:\/\/loja.patrulharaposa.pt\/index.php?rest_route=\/wp\/v2\/product\/215","targetHints":{"allow":["GET"]}}],"collection":[{"href":"https:\/\/loja.patrulharaposa.pt\/index.php?rest_route=\/wp\/v2\/product"}],"about":[{"href":"https:\/\/loja.patrulharaposa.pt\/index.php?rest_route=\/wp\/v2\/types\/product"}],"replies":[{"embeddable":true,"href":"https:\/\/loja.patrulharaposa.pt\/index.php?rest_route=%2Fwp%2Fv2%2Fcomments&post=215"}],"wp:featuredmedia":[{"embeddable":true,"href":"https:\/\/loja.patrulharaposa.pt\/index.php?rest_route=\/wp\/v2\/media\/210"}],"wp:attachment":[{"href":"https:\/\/loja.patrulharaposa.pt\/index.php?rest_route=%2Fwp%2Fv2%2Fmedia&parent=215"}],"wp:term":[{"taxonomy":"product_brand","embeddable":true,"href":"https:\/\/loja.patrulharaposa.pt\/index.php?rest_route=%2Fwp%2Fv2%2Fproduct_brand&post=215"},{"taxonomy":"product_cat","embeddable":true,"href":"https:\/\/loja.patrulharaposa.pt\/index.php?rest_route=%2Fwp%2Fv2%2Fproduct_cat&post=215"},{"taxonomy":"product_tag","embeddable":true,"href":"https:\/\/loja.patrulharaposa.pt\/index.php?rest_route=%2Fwp%2Fv2%2Fproduct_tag&post=215"}],"curies":[{"name":"wp","href":"https:\/\/api.w.org\/{rel}","templated":true}]}}