{"id":182,"date":"2026-01-02T15:04:54","date_gmt":"2026-01-02T15:04:54","guid":{"rendered":"https:\/\/loja.patrulharaposa.pt\/?post_type=product&#038;p=182"},"modified":"2026-01-02T15:15:55","modified_gmt":"2026-01-02T15:15:55","slug":"adolescentes-sem-rede","status":"publish","type":"product","link":"https:\/\/loja.patrulharaposa.pt\/?product=adolescentes-sem-rede","title":{"rendered":"Adolescentes (s)em Rede"},"content":{"rendered":"<p align=\"justify\">Este di\u00e1rio vai ajudar-te a refletir e a escrever sobre as quest\u00f5es mais importantes que fazem parte do teu desenvolvimento emocional.<br \/>\nDividido em cinco partes com diferentes cores para facilitar a consulta, aborda temas que v\u00e3o desde o autoconhecimento, \u00e0 rede de rela\u00e7\u00f5es e a atividades para te compreenderes e desenvolveres ferramentas \u00fateis para viveres uma adolesc\u00eancia mais tranquila, com menos ansiedade.<\/p>\n<p>Ao conheceres-te melhor, conseguir\u00e1s lidar com os desafios que ir\u00e3o surgir no dia a dia e apreciar esta fase t\u00e3o importante no caminho para a idade adulta<\/p>\n","protected":false},"excerpt":{"rendered":"<p>Este di\u00e1rio vai ajudar-te a refletir e a escrever sobre as quest\u00f5es mais importantes que fazem parte do teu desenvolvimento emocional. Dividido em cinco partes com diferentes cores para facilitar a consulta, aborda temas que v\u00e3o desde o autoconhecimento, \u00e0 rede de rela\u00e7\u00f5es e a atividades para te compreenderes e desenvolveres ferramentas \u00fateis para viveres [&hellip;]<\/p>\n","protected":false},"featured_media":185,"comment_status":"open","ping_status":"closed","template":"","meta":{"pagelayer_contact_templates":[],"_pagelayer_content":""},"product_brand":[],"product_cat":[15],"product_tag":[],"class_list":{"0":"post-182","1":"product","2":"type-product","3":"status-publish","4":"has-post-thumbnail","6":"product_cat-sem-categoria","8":"first","9":"instock","10":"taxable","11":"shipping-taxable","12":"purchasable","13":"product-type-simple"},"jetpack_sharing_enabled":true,"_links":{"self":[{"href":"https:\/\/loja.patrulharaposa.pt\/index.php?rest_route=\/wp\/v2\/product\/182","targetHints":{"allow":["GET"]}}],"collection":[{"href":"https:\/\/loja.patrulharaposa.pt\/index.php?rest_route=\/wp\/v2\/product"}],"about":[{"href":"https:\/\/loja.patrulharaposa.pt\/index.php?rest_route=\/wp\/v2\/types\/product"}],"replies":[{"embeddable":true,"href":"https:\/\/loja.patrulharaposa.pt\/index.php?rest_route=%2Fwp%2Fv2%2Fcomments&post=182"}],"wp:featuredmedia":[{"embeddable":true,"href":"https:\/\/loja.patrulharaposa.pt\/index.php?rest_route=\/wp\/v2\/media\/185"}],"wp:attachment":[{"href":"https:\/\/loja.patrulharaposa.pt\/index.php?rest_route=%2Fwp%2Fv2%2Fmedia&parent=182"}],"wp:term":[{"taxonomy":"product_brand","embeddable":true,"href":"https:\/\/loja.patrulharaposa.pt\/index.php?rest_route=%2Fwp%2Fv2%2Fproduct_brand&post=182"},{"taxonomy":"product_cat","embeddable":true,"href":"https:\/\/loja.patrulharaposa.pt\/index.php?rest_route=%2Fwp%2Fv2%2Fproduct_cat&post=182"},{"taxonomy":"product_tag","embeddable":true,"href":"https:\/\/loja.patrulharaposa.pt\/index.php?rest_route=%2Fwp%2Fv2%2Fproduct_tag&post=182"}],"curies":[{"name":"wp","href":"https:\/\/api.w.org\/{rel}","templated":true}]}}